 136 + 20. What is the greatest common divisor of 87 and s?
29
Let i be (-8)/((3/(-472))/3). Calculate the highest common factor of i and 354.
118
Let d be ((-32)/10)/(((-12)/(-120))/(1/(-2))). Calculate the highest common factor of 156 and d.
4
Let b(u) = 60*u**3 + 1. Let l be b(1). Suppose 58*g + 6 = l*g. Suppose -g = -3*t + 2*t. Calculate the highest common factor of 4 and t.
2
Let i be (-5)/((-10)/(-8)) + 52/(-13). Let z = 307 - i. What is the greatest common factor of z and 252?
63
Suppose -154 = -3*o - 2*o + 3*m, -70 = -2*o + 4*m. Let f(h) = h**2 - o*h + 6 + 54*h - 28*h. Let d be f(5). Calculate the greatest common divisor of 48 and d.
16
Let w(n) = 7*n + 182. Let o be w(0). Suppose 184*c - 152 = o*c. What is the highest common divisor of c and 228?
76
Let d be ((2 - -2) + -3 + 6)*12. Let o be 1/(-3) - (-1)/(15/665). Let p be ((2 - o)/(2 - 1))/(-1). Calculate the greatest common divisor of p and d.
42
Suppose 3*f = -j + 8, -80*j = -85*j + 10. What is the greatest common divisor of f and 512?
2
Let l = -556 - -651. Suppose -7*k + 266 = -0*k. What is the highest common divisor of l and k?
19
Suppose 128*v - 460 = 118*v. What is the highest common divisor of 161 and v?
23
Suppose -1152 = -13*b + 1303 - 375. Calculate the greatest common factor of 14080 and b.
160
Suppose -16*h - 2*h + 450 = 0. Let v be 4/10 + 240/h. Calculate the greatest common factor of v and 530.
10
Let x be 16/(24/22 - 1). Suppose 7*n - 4 = 6*n. Suppose -3*a + 7*f - 3*f + 44 = 0, 0 = a + n*f + 12. Calculate the greatest common factor of x and a.
8
Suppose -15*y + 196 = -17*y. Let l = 145 + y. Let b = l - 25. Calculate the greatest common factor of 22 and b.
22
Let h(n) = 6*n + 6. Let y be 28/6 + (-1)/(-3). Let x be h(y). Let a be 5/(10/4) + 10. Calculate the greatest common factor of x and a.
12
Let u = -198 + 183. Let c be (24/(-15))/(6/u). Suppose 3*z + 100 = 8*z. What is the highest common divisor of z and c?
4
Let m(z) = z**3 + 2*z**2 - 10*z - 1. Let v be m(3). Suppose -38*l = -40*l + v. What is the highest common factor of 224 and l?
7
Let y(u) = -u**3 - 2*u**2 - 3. Let g be y(-2). Let x be (-7)/((-484)/80 - g - -3). What is the greatest common factor of 20 and x?
20
Suppose -2*b - 247 = -9*s, 17*b = 15*b - 4. What is the greatest common factor of s and 621?
27
Suppose 15 = 3*l, 2*s - l = -3*s. Let z be 5 + s + 19*(8 + -2). Calculate the greatest common factor of z and 15.
15
Let i be (-6)/(-36)*-3*-18. Suppose 49 = -6*n + 67. Suppose 3*h - n*d = 120, 0 = h + 2*d - d - 50. Calculate the greatest common factor of i and h.
9
Let q = -482 + 487. Suppose q*z - 7*z + 22 = f, -3*f + z = -80. Calculate the greatest common divisor of 832 and f.
26
Suppose 3*x - 10 = -2*s - 0*x, -2*x + 2 = -s. Suppose 5*y - 4*b = 608, -42 = s*y - 4*b - 290. Calculate the highest common divisor of y and 96.
24
Suppose 0 = t - 12 + 1. Suppose -t*o + 14 = -19. Suppose -5*l + 5*b + 365 = -2*l, o*l + 2*b = 358. Calculate the greatest common factor of 15 and l.
15
Let z(w) = -w**3 + 5*w**2 + 7*w - 4. Let q be z(6). Let c(l) = 2 - 2 + 10*l**2 - l + q*l. Let i be c(1). Calculate the greatest common divisor of i and 99.
11
Let g = 10101 + -9741. Calculate the highest common divisor of 576 and g.
72
Suppose 223*d - 106*d - 2968 = 110*d. What is the greatest common factor of d and 2862?
106
Suppose -205*t + 3*k = -203*t - 686, -5*t = k - 1698. What is the highest common divisor of 40 and t?
20
Let c(f) = 29*f**2 + 10*f - 12. Let x be c(4). Let a = 518 - x. What is the highest common divisor of a and 13?
13
Let x be 8/(-12)*6 + 94. Let s = 2810 + -1879. Let b be 4/6 - 0 - s/(-21). What is the highest common factor of b and x?
45
Let m = -171 - -453. Suppose 3*o - 2*i = 185, -i + m = 5*o - 48. What is the greatest common factor of 13 and o?
13
Let p be 9/45 - ((-282)/(-10) - 0). Let o = 49 + p. Suppose -3*w = 4*x - 17, -4*x - 5*w = -x - o. What is the highest common divisor of x and 16?
2
Let v = 114 + -111. Suppose v*a = -4*a + 245. Calculate the highest common factor of a and 10.
5
Let a(z) = 2*z**3 + 72*z**2 - 63*z - 54. Let q be a(-36). What is the highest common divisor of 54 and q?
54
Let q = 68 + -55. Let a = -4045 + 4097. Calculate the greatest common divisor of q and a.
13
Suppose 17*j - 1307 = -1290. Let a = 12 - 4. Let x be ((-12)/a - j)/1*-22. What is the greatest common factor of 5 and x?
5
Let r(f) = 2*f**3 + 130*f**2 + 484*f + 56. Let j be r(-61). What is the highest common factor of 575 and j?
25
Suppose 20*w - 10*w = -50. Let j(p) = p**3 + 7*p**2 + 8*p + 6. Let c be j(w). What is the greatest common divisor of c and 4?
4
Let o = 7244 - 7239. Let h be -5*7/(-2)*2. Calculate the greatest common factor of h and o.
5
Let m(h) be the third derivative of h**6/120 + h**5/15 + h**4/12 - h**3/3 + 23*h**2. Let f be m(-3). What is the highest common divisor of f and 9?
1
Let n(v) = 4*v**2 - 3. Let d be n(6). Suppose c - 337 - 197 = -158. Calculate the greatest common factor of c and d.
47
Let p be -8 + 6 + 4*4 - 3. Let q = p - -11. Let t = -5 - -7. Calculate the highest common factor of t and q.
2
Let r(w) = w**2 - 8*w - 14. Let d be r(11). Suppose -69 - d = -4*b. Let t = b + -12. Calculate the highest common factor of 10 and t.
10
Suppose 11*c = 8981 + 8465. What is the highest common factor of c and 122?
122
Let o(j) = 89 - 7*j - 9*j + 22*j + 11 + 20*j. Let c be o(0). Calculate the greatest common factor of c and 550.
50
Let g(q) = -13*q**2 - 7*q + 7. Let s be g(1). Let l(m) = -m**2 - 26*m + 39. Let u be l(s). Calculate the highest common factor of 104 and u.
104
Let r(s) = 4*s**2 - 19*s - 71. Let t be r(-5). Suppose -122*c + t*c = 56. Suppose -8*u + 28 = -6*u. Calculate the greatest common factor of u and c.
14
Let r be (14/175 - (-89331)/550)/(2/80). What is the highest common divisor of 65 and r?
65
Suppose 0 = -187*u - 101*u + 975642 - 256794. Calculate the highest common divisor of u and 429.
39
Let i = 3739 + -3644. Calculate the highest common divisor of 6080 and i.
95
Suppose 2*r - 6*r + 4 = 0. Let f be (-240)/(-9)*(4 - r). Let h be (-4)/48*-6*(39 - -1). Calculate the greatest common factor of h and f.
20
Let v be -2 + -2 - (-39 - -33). Suppose 3*z + 116 = h + v*z, -228 = -2*h + z. Calculate the greatest common divisor of 32 and h.
16
Let z(k) = -10*k - 282. Let r(o) = -20*o - 565. Let t(l) = -3*r(l) + 5*z(l). Let j be t(-17). What is the highest common factor of 5 and j?
5
Suppose n - 506 = -493. Calculate the highest common divisor of n and 533.
13
Let r(k) = 30*k**3 - 21*k**2 + 53*k - 10. Let d be r(4). Calculate the greatest common factor of d and 94.
94
Let l(y) = 3*y**2 - 57*y - 788. Let b be l(-14). Calculate the highest common divisor of b and 754.
26
Suppose 32*x - 19959 = 7*x - 4559. Calculate the highest common factor of 24 and x.
8
Let t = 2 + 4. Let s(u) = u**3 + 54*u**2 - 56*u + 41. Let c be s(-55). What is the highest common divisor of t and c?
6
Suppose 156 = -4*q - 152. Let y = q + 132. Let b be 100/y - 2 - 1062/(-33). Calculate the greatest common factor of 32 and b.
32
Let i(y) = 78*y + 4791. Let r be i(-39). What is the greatest common factor of 264 and r?
33
Let p = 1853 - 1606. What is the highest common factor of p and 38?
19
Suppose -2*w = 4*l - 36296, -2*l - l + 27195 = -3*w. What is the highest common divisor of l and 386?
193
Suppose 625*k = 619*k - 1272. Let m = 219 + k. What is the greatest common divisor of m and 189?
7
Let m(u) = u**3 + 23*u**2 + 20*u - 5. Let v be m(-22). Let w = 4 + v. Suppose -w = -5*z + 17. Calculate the highest common divisor of z and 3.
3
Let f be -1014 - ((-9)/9)/((-2)/4). Let x = 1421 + f. What is the highest common divisor of 60 and x?
15
Let w(q) = 3*q**3 + 3*q**2 - q + 3. Let k be w(3). Let l = 73239 - 73095. Calculate the greatest common factor of k and l.
36
Suppose -4*w + 7575 = 7*b, 2*w - 3*b - 3520 - 235 = 0. Calculate the greatest common factor of w and 260.
65
Let c = 6494 - 6377. Calculate the greatest common divisor of 468 and c.
117
Suppose -5*b + 17*d + 94 = 21*d, 4*b - 5*d - 149 = 0. Calculate the highest common divisor of b and 2132.
26
Suppose 23*n - 20*n - 6084 = 0. Calculate the highest common divisor of 312 and n.
156
Let p be (-7 - -9)/(3*(-3)/(-18)). Suppose 9*v - 4*v - 2*k - 50 = 0, 0 = -3*v + p*k + 16. C